{"id":1040,"date":"2026-01-13T20:29:39","date_gmt":"2026-01-13T20:29:39","guid":{"rendered":"https:\/\/www.destinytedarik.com\/?page_id=1040"},"modified":"2026-01-19T20:33:13","modified_gmt":"2026-01-19T20:33:13","slug":"sarf-malzemeleri","status":"publish","type":"page","link":"https:\/\/www.destinytedarik.com\/index.php\/sarf-malzemeleri\/","title":{"rendered":"KA\u011eIT GRUBU"},"content":{"rendered":"\t\t<div data-elementor-type=\"wp-page\" data-elementor-id=\"1040\" class=\"elementor elementor-1040\" data-elementor-post-type=\"page\">\n\t\t\t\t<div class=\"elementor-element elementor-element-d089d8c e-flex e-con-boxed e-con e-parent\" data-id=\"d089d8c\" data-element_type=\"container\" data-e-type=\"container\">\n\t\t\t\t\t<div class=\"e-con-inner\">\n\t\t\t\t<div class=\"elementor-element elementor-element-c365cdc elementor-widget elementor-widget-heading\" data-id=\"c365cdc\" data-element_type=\"widget\" data-e-type=\"widget\" data-widget_type=\"heading.default\">\n\t\t\t\t\t<h2 class=\"elementor-heading-title elementor-size-default\">KA\u011eIT GRUBU<\/h2>\t\t\t\t<\/div>\n\t\t\t\t\t<\/div>\n\t\t\t\t<\/div>\n\t\t<div class=\"elementor-element elementor-element-32d5ddb e-flex e-con-boxed e-con e-parent\" data-id=\"32d5ddb\" data-element_type=\"container\" data-e-type=\"container\">\n\t\t\t\t\t<div class=\"e-con-inner\">\n\t\t<div class=\"elementor-element elementor-element-43dd985 e-con-full e-flex e-con e-child\" data-id=\"43dd985\" data-element_type=\"container\" data-e-type=\"container\">\n\t\t<div class=\"elementor-element elementor-element-0ba67a8 e-con-full e-flex e-con e-child\" data-id=\"0ba67a8\" data-element_type=\"container\" data-e-type=\"container\">\n\t\t\t\t<div class=\"elementor-element elementor-element-d505ddb elementor-widget elementor-widget-image\" data-id=\"d505ddb\" data-element_type=\"widget\" data-e-type=\"widget\" data-widget_type=\"image.default\">\n\t\t\t\t\t\t\t\t\t\t\t\t<figure class=\"wp-caption\">\n\t\t\t\t\t\t\t\t\t\t<img fetchpriority=\"high\" decoding=\"async\" width=\"300\" height=\"300\" src=\"https:\/\/www.destinytedarik.com\/wp-content\/uploads\/2026\/01\/toi-300x300.jpg\" class=\"attachment-medium size-medium wp-image-1053\" alt=\"\" srcset=\"https:\/\/www.destinytedarik.com\/wp-content\/uploads\/2026\/01\/toi-300x300.jpg 300w, https:\/\/www.destinytedarik.com\/wp-content\/uploads\/2026\/01\/toi-150x150.jpg 150w, https:\/\/www.destinytedarik.com\/wp-content\/uploads\/2026\/01\/toi-768x768.jpg 768w, https:\/\/www.destinytedarik.com\/wp-content\/uploads\/2026\/01\/toi.jpg 1024w\" sizes=\"(max-width: 300px) 100vw, 300px\" \/>\t\t\t\t\t\t\t\t\t\t\t<figcaption class=\"widget-image-caption wp-caption-text\"><\/figcaption>\n\t\t\t\t\t\t\t\t\t\t<\/figure>\n\t\t\t\t\t\t\t\t\t<\/div>\n\t\t\t\t<div class=\"elementor-element elementor-element-12e26e0 elementor-widget elementor-widget-heading\" data-id=\"12e26e0\" data-element_type=\"widget\" data-e-type=\"widget\" data-widget_type=\"heading.default\">\n\t\t\t\t\t<h2 class=\"elementor-heading-title elementor-size-default\">Tuvalet Ka\u011f\u0131tlar\u0131 &amp; Ka\u011f\u0131t Havlular<\/h2>\t\t\t\t<\/div>\n\t\t\t\t<\/div>\n\t\t<div class=\"elementor-element elementor-element-9bc5348 e-con-full e-flex e-con e-child\" data-id=\"9bc5348\" data-element_type=\"container\" data-e-type=\"container\">\n\t\t\t\t<div class=\"elementor-element elementor-element-e82b1cc elementor-widget elementor-widget-image\" data-id=\"e82b1cc\" data-element_type=\"widget\" data-e-type=\"widget\" data-widget_type=\"image.default\">\n\t\t\t\t\t\t\t\t\t\t\t\t<figure class=\"wp-caption\">\n\t\t\t\t\t\t\t\t\t\t<img decoding=\"async\" width=\"300\" height=\"300\" src=\"https:\/\/www.destinytedarik.com\/wp-content\/uploads\/2026\/01\/Adsiz-tasarim-54.jpg\" class=\"attachment-medium size-medium wp-image-1055\" alt=\"\" srcset=\"https:\/\/www.destinytedarik.com\/wp-content\/uploads\/2026\/01\/Adsiz-tasarim-54.jpg 300w, https:\/\/www.destinytedarik.com\/wp-content\/uploads\/2026\/01\/Adsiz-tasarim-54-150x150.jpg 150w\" sizes=\"(max-width: 300px) 100vw, 300px\" \/>\t\t\t\t\t\t\t\t\t\t\t<figcaption class=\"widget-image-caption wp-caption-text\"><\/figcaption>\n\t\t\t\t\t\t\t\t\t\t<\/figure>\n\t\t\t\t\t\t\t\t\t<\/div>\n\t\t\t\t<div class=\"elementor-element elementor-element-3a020a9 elementor-widget elementor-widget-heading\" data-id=\"3a020a9\" data-element_type=\"widget\" data-e-type=\"widget\" data-widget_type=\"heading.default\">\n\t\t\t\t\t<h2 class=\"elementor-heading-title elementor-size-default\">Ambalaj Ka\u011f\u0131tlar\u0131<\/h2>\t\t\t\t<\/div>\n\t\t\t\t<\/div>\n\t\t<div class=\"elementor-element elementor-element-bc3e4f2 e-con-full e-flex e-con e-child\" data-id=\"bc3e4f2\" data-element_type=\"container\" data-e-type=\"container\">\n\t\t\t\t<div class=\"elementor-element elementor-element-d7d0b28 elementor-widget elementor-widget-image\" data-id=\"d7d0b28\" data-element_type=\"widget\" data-e-type=\"widget\" data-widget_type=\"image.default\">\n\t\t\t\t\t\t\t\t\t\t\t\t<figure class=\"wp-caption\">\n\t\t\t\t\t\t\t\t\t\t<img decoding=\"async\" width=\"300\" height=\"300\" src=\"https:\/\/www.destinytedarik.com\/wp-content\/uploads\/2026\/01\/Adsiz-tasarim-56.jpg\" class=\"attachment-medium size-medium wp-image-1056\" alt=\"\" srcset=\"https:\/\/www.destinytedarik.com\/wp-content\/uploads\/2026\/01\/Adsiz-tasarim-56.jpg 300w, https:\/\/www.destinytedarik.com\/wp-content\/uploads\/2026\/01\/Adsiz-tasarim-56-150x150.jpg 150w\" sizes=\"(max-width: 300px) 100vw, 300px\" \/>\t\t\t\t\t\t\t\t\t\t\t<figcaption class=\"widget-image-caption wp-caption-text\"><\/figcaption>\n\t\t\t\t\t\t\t\t\t\t<\/figure>\n\t\t\t\t\t\t\t\t\t<\/div>\n\t\t\t\t<div class=\"elementor-element elementor-element-28df9c8 elementor-widget elementor-widget-heading\" data-id=\"28df9c8\" data-element_type=\"widget\" data-e-type=\"widget\" data-widget_type=\"heading.default\">\n\t\t\t\t\t<h2 class=\"elementor-heading-title elementor-size-default\">Pe\u00e7eteler<\/h2>\t\t\t\t<\/div>\n\t\t\t\t<\/div>\n\t\t\t\t<\/div>\n\t\t\t\t\t<\/div>\n\t\t\t\t<\/div>\n\t\t<div class=\"elementor-element elementor-element-7e33b37 e-flex e-con-boxed e-con e-parent\" data-id=\"7e33b37\" data-element_type=\"container\" data-e-type=\"container\">\n\t\t\t\t\t<div class=\"e-con-inner\">\n\t\t<div class=\"elementor-element elementor-element-fc8f7e3 e-con-full e-flex e-con e-child\" data-id=\"fc8f7e3\" data-element_type=\"container\" data-e-type=\"container\">\n\t\t<div class=\"elementor-element elementor-element-e7d829b e-con-full e-flex e-con e-child\" data-id=\"e7d829b\" data-element_type=\"container\" data-e-type=\"container\">\n\t\t\t\t<div class=\"elementor-element elementor-element-660b368 elementor-widget elementor-widget-image\" data-id=\"660b368\" data-element_type=\"widget\" data-e-type=\"widget\" data-widget_type=\"image.default\">\n\t\t\t\t\t\t\t\t\t\t\t\t<figure class=\"wp-caption\">\n\t\t\t\t\t\t\t\t\t\t<img loading=\"lazy\" decoding=\"async\" width=\"300\" height=\"300\" src=\"https:\/\/www.destinytedarik.com\/wp-content\/uploads\/2026\/01\/Adsiz-tasarim-59.jpg\" class=\"attachment-medium size-medium wp-image-1063\" alt=\"\" srcset=\"https:\/\/www.destinytedarik.com\/wp-content\/uploads\/2026\/01\/Adsiz-tasarim-59.jpg 300w, https:\/\/www.destinytedarik.com\/wp-content\/uploads\/2026\/01\/Adsiz-tasarim-59-150x150.jpg 150w\" sizes=\"(max-width: 300px) 100vw, 300px\" \/>\t\t\t\t\t\t\t\t\t\t\t<figcaption class=\"widget-image-caption wp-caption-text\"><\/figcaption>\n\t\t\t\t\t\t\t\t\t\t<\/figure>\n\t\t\t\t\t\t\t\t\t<\/div>\n\t\t\t\t<div class=\"elementor-element elementor-element-0545f30 elementor-widget elementor-widget-heading\" data-id=\"0545f30\" data-element_type=\"widget\" data-e-type=\"widget\" data-widget_type=\"heading.default\">\n\t\t\t\t\t<h2 class=\"elementor-heading-title elementor-size-default\">Kese Ka\u011f\u0131tlar\u0131<\/h2>\t\t\t\t<\/div>\n\t\t\t\t<\/div>\n\t\t<div class=\"elementor-element elementor-element-2ecee33 e-con-full e-flex e-con e-child\" data-id=\"2ecee33\" data-element_type=\"container\" data-e-type=\"container\">\n\t\t\t\t<div class=\"elementor-element elementor-element-07db340 elementor-widget elementor-widget-image\" data-id=\"07db340\" data-element_type=\"widget\" data-e-type=\"widget\" data-widget_type=\"image.default\">\n\t\t\t\t\t\t\t\t\t\t\t\t<figure class=\"wp-caption\">\n\t\t\t\t\t\t\t\t\t\t<img loading=\"lazy\" decoding=\"async\" width=\"300\" height=\"300\" src=\"https:\/\/www.destinytedarik.com\/wp-content\/uploads\/2026\/01\/Adsiz-tasarim-66.jpg\" class=\"attachment-medium size-medium wp-image-1070\" alt=\"\" srcset=\"https:\/\/www.destinytedarik.com\/wp-content\/uploads\/2026\/01\/Adsiz-tasarim-66.jpg 300w, https:\/\/www.destinytedarik.com\/wp-content\/uploads\/2026\/01\/Adsiz-tasarim-66-150x150.jpg 150w\" sizes=\"(max-width: 300px) 100vw, 300px\" \/>\t\t\t\t\t\t\t\t\t\t\t<figcaption class=\"widget-image-caption wp-caption-text\"><\/figcaption>\n\t\t\t\t\t\t\t\t\t\t<\/figure>\n\t\t\t\t\t\t\t\t\t<\/div>\n\t\t\t\t<div class=\"elementor-element elementor-element-570ee2f elementor-widget elementor-widget-heading\" data-id=\"570ee2f\" data-element_type=\"widget\" data-e-type=\"widget\" data-widget_type=\"heading.default\">\n\t\t\t\t\t<h2 class=\"elementor-heading-title elementor-size-default\">Islak Mendiller &amp; Y\u00fczey Temizlik Havlular\u0131<\/h2>\t\t\t\t<\/div>\n\t\t\t\t<\/div>\n\t\t<div class=\"elementor-element elementor-element-58d425d e-con-full e-flex e-con e-child\" data-id=\"58d425d\" data-element_type=\"container\" data-e-type=\"container\">\n\t\t\t\t<div class=\"elementor-element elementor-element-167ad9f elementor-widget elementor-widget-image\" data-id=\"167ad9f\" data-element_type=\"widget\" data-e-type=\"widget\" data-widget_type=\"image.default\">\n\t\t\t\t\t\t\t\t\t\t\t\t<figure class=\"wp-caption\">\n\t\t\t\t\t\t\t\t\t\t<img loading=\"lazy\" decoding=\"async\" width=\"300\" height=\"300\" src=\"https:\/\/www.destinytedarik.com\/wp-content\/uploads\/2026\/01\/Adsiz-tasarim-65.jpg\" class=\"attachment-medium size-medium wp-image-1069\" alt=\"\" srcset=\"https:\/\/www.destinytedarik.com\/wp-content\/uploads\/2026\/01\/Adsiz-tasarim-65.jpg 300w, https:\/\/www.destinytedarik.com\/wp-content\/uploads\/2026\/01\/Adsiz-tasarim-65-150x150.jpg 150w\" sizes=\"(max-width: 300px) 100vw, 300px\" \/>\t\t\t\t\t\t\t\t\t\t\t<figcaption class=\"widget-image-caption wp-caption-text\"><\/figcaption>\n\t\t\t\t\t\t\t\t\t\t<\/figure>\n\t\t\t\t\t\t\t\t\t<\/div>\n\t\t\t\t<div class=\"elementor-element elementor-element-7ac3fc6 elementor-widget elementor-widget-heading\" data-id=\"7ac3fc6\" data-element_type=\"widget\" data-e-type=\"widget\" data-widget_type=\"heading.default\">\n\t\t\t\t\t<h2 class=\"elementor-heading-title elementor-size-default\">Karton &amp; Ka\u011f\u0131t \u00c7antalar<\/h2>\t\t\t\t<\/div>\n\t\t\t\t<\/div>\n\t\t\t\t<\/div>\n\t\t\t\t\t<\/div>\n\t\t\t\t<\/div>\n\t\t\t\t<\/div>\n\t\t","protected":false},"excerpt":{"rendered":"<p>KA\u011eIT GRUBU Tuvalet Ka\u011f\u0131tlar\u0131 &amp; Ka\u011f\u0131t Havlular Ambalaj Ka\u011f\u0131tlar\u0131 Pe\u00e7eteler Kese Ka\u011f\u0131tlar\u0131 Islak Mendiller &amp; Y\u00fczey Temizlik Havlular\u0131 Karton &amp; Ka\u011f\u0131t \u00c7antalar<\/p>\n","protected":false},"author":1,"featured_media":0,"parent":0,"menu_order":0,"comment_status":"closed","ping_status":"closed","template":"","meta":{"footnotes":""},"class_list":["post-1040","page","type-page","status-publish","hentry"],"blocksy_meta":[],"_links":{"self":[{"href":"https:\/\/www.destinytedarik.com\/index.php\/wp-json\/wp\/v2\/pages\/1040","targetHints":{"allow":["GET"]}}],"collection":[{"href":"https:\/\/www.destinytedarik.com\/index.php\/wp-json\/wp\/v2\/pages"}],"about":[{"href":"https:\/\/www.destinytedarik.com\/index.php\/wp-json\/wp\/v2\/types\/page"}],"author":[{"embeddable":true,"href":"https:\/\/www.destinytedarik.com\/index.php\/wp-json\/wp\/v2\/users\/1"}],"replies":[{"embeddable":true,"href":"https:\/\/www.destinytedarik.com\/index.php\/wp-json\/wp\/v2\/comments?post=1040"}],"version-history":[{"count":0,"href":"https:\/\/www.destinytedarik.com\/index.php\/wp-json\/wp\/v2\/pages\/1040\/revisions"}],"wp:attachment":[{"href":"https:\/\/www.destinytedarik.com\/index.php\/wp-json\/wp\/v2\/media?parent=1040"}],"curies":[{"name":"wp","href":"https:\/\/api.w.org\/{rel}","templated":true}]}}